Let y(w) = 8*w**3 - 327*w**2 - 338*w + 12133. Calculate y(41).
-44
Let t(m) = 3*m**3 + 116*m**2 - 59*m - 1183. Calculate t(-39).
-403
Let n(l) = 50*l**2 - 233*l - 835. Calculate n(7).
-16
Let p(r) = -31*r**3 - 6515*r**2 - 1050*r - 196. What is p(-210)?
-196
Let u(r) = r**3 + 36*r**2 - 104*r + 335. What is u(-39)?
-172
Let q(g) = -16*g**2 + 2709*g - 5340. What is q(2)?
14
Let s(h) = -901*h**3 - 8*h**2 - 251*h - 241. Determine s(-1).
903
Let d(t) = -12*t**3 - t**2 + 2389*t - 4773. Give d(2).
-95
Let b(r) = r**3 - 4409*r**2 - 222942*r + 347. Calculate b(-50).
-53
Let c(s) = s**2 + 141773*s + 5527628. Calculate c(-39).
2
Let m(b) = -1916*b**3 + 18*b**2 + 30*b + 12. Give m(-1).
1916
Let y(t) = t**3 + 4*t**2 - 45*t - 379. What is y(-11)?
-731
Let u(r) = 1117*r + 1048. Give u(-1).
-69
Let l(b) = -2*b**2 + 256705*b + 1540293. Give l(-6).
-9
Let q(t) = -556*t - 530. Determine q(0).
-530
Let w(r) = -9*r**3 - 3*r**2 - 22*r + 214. Determine w(5).
-1096
Let d(f) = -f**3 + 13*f**2 - 234*f + 3380. Calculate d(14).
-92
Let s(p) = -p**2 - 1712*p + 45178. Calculate s(26).
-10
Let i(x) = 61924*x + 433443. Calculate i(-7).
-25
Let y(r) = -5*r**3 - 733*r**2 + 2215*r + 7. What is y(3)?
-80
Let s(r) = 39*r + 4042. Give s(-95).
337
Let j(x) = -9712*x**2 - 9734*x + 3. Determine j(-1).
25
Let f(b) = 254*b + 33944. What is f(-139)?
-1362
Let k(w) = -86*w**3 + 4*w**2 - 180*w + 334. Give k(2).
-698
Let l(s) = 6318*s + 638121. Calculate l(-101).
3
Let n(l) = 5*l**2 - 4398*l + 458952. Give n(121).
-1
Let a(f) = 10871*f + 21744. Give a(-2).
2
Let m(u) = -6*u**2 - 2667*u + 60122. Give m(-466).
8
Let h(j) = 9*j**3 + 2*j**2 + 2080*j - 6252. Determine h(3).
249
Let x(h) = 5222*h + 41744. What is x(-8)?
-32
Let t(w) = 2*w**2 - 77*w - 1581. What is t(-20)?
759
Let h(u) = 12*u**2 - 2154*u + 3219. What is h(178)?
15
Let l(f) = -2*f**3 + 6*f**2 + 18*f + 188. Give l(-9).
1970
Let d(n) = -15*n**3 - 104*n**2 - 264*n - 1111. Determine d(-6).
-31
Let k(o) = o**3 + 105*o**2 + 759*o - 143. Determine k(-8).
-7
Let k(v) = -6*v**2 - 9431*v - 37629. Give k(-4).
-1
Let h(p) = 42*p**2 - 898*p - 1586. What is h(23)?
-22
Let y(o) = -o**3 - 42*o**2 - 298*o + 34. Calculate y(-34).
918
Let c(u) = 23*u**3 + 10*u + 28. Determine c(-2).
-176
Let f(p) = -p**2 + 5192*p - 165129. Determine f(32).
-9
Let f(a) = 237*a**2 - 2429*a - 260. What is f(11)?
1698
Let q(n) = -8*n**2 + 51447*n + 51446. What is q(-1)?
-9
Let l(u) = 403*u**2 - 372369*u - 2786. Calculate l(924).
-14
Let h(n) = 31*n - 3591. What is h(76)?
-1235
Let w(r) = -r**3 - 6*r**2 + 1555*r + 6238. Determine w(-4).
-14
Let o(x) = 1709*x - 44926. Determine o(26).
-492
Let d(l) = l**3 - 12*l**2 - 314*l + 3928. Determine d(15).
-107
Let h(p) = -1009*p + 29385. What is h(29)?
124
Let u(c) = c**3 + 24*c**2 - 456119*c - 11402353. Give u(-25).
-3
Let f(b) = -4*b**2 + 490*b + 109950. Give f(238).
-6
Let o(f) = -5*f**2 + 3839*f - 271463. Calculate o(689).
3
Let w(b) = -5*b**2 + 809*b + 70822. What is w(-63)?
10
Let k(w) = -27*w**2 + 4873*w - 2350. Calculate k(180).
-10
Let p(w) = 13596*w**2 + 774974*w + 114. Calculate p(-57).
0
Let s(i) = -i**3 - 147*i**2 - 1296*i + 12. Determine s(-9).
498
Let h(r) = r**3 - 30*r**2 + 75*r + 145. What is h(26)?
-609
Let d(w) = w**3 - 252*w**2 - 1671*w + 31725. What is d(258)?
-9
Let z(n) = -201*n**2 - 148*n + 63. Give z(-1).
10
Let p(y) = -3717*y**3 + 4*y**2 + y - 4. Determine p(1).
-3716
Let q(s) = 2*s**2 + 293*s + 9591. What is q(-97)?
-12
Let w(a) = -7*a**3 - 350*a**2 - 1513*a + 2793. What is w(-45)?
3
Let z(n) = -4*n**2 - 5355*n - 16085. Calculate z(-3).
-56
Let o(j) = -3459*j - 17661. What is o(-5)?
-366
Let a(x) = x**3 - 29*x**2 + 1884*x - 52003. Give a(28).
-35
Let w(g) = -20*g**2 + 3890*g - 2338. Calculate w(194).
-398
Let m(i) = -45*i**2 + 1023*i - 3982. Give m(5).
8
Let j(k) = 133*k + 901. What is j(-5)?
236
Let d(t) = t**2 - 181*t + 308. What is d(41)?
-5432
Let l(t) = 23785*t + 5874873. Determine l(-247).
-22
Let o(s) = 5*s**3 + 144*s**2 - 2774*s - 87. What is o(-42)?
-3
Let i(g) = 218005*g + 1308045. What is i(-6)?
15
Let o(w) = 3173*w - 52966. Determine o(17).
975
Let k(n) = -1576*n - 12395. Determine k(-8).
213
Let w(a) = a**3 - 3*a**2 - 922*a + 26. Calculate w(0).
26
Let o(h) = h**3 + 10*h**2 - 557*h - 5637. Determine o(-10).
-67
Let n(g) = -77*g + 5231. Give n(64).
303
Let t(k) = -6*k**3 - 205*k**2 - 27*k + 136. Give t(-34).
-102
Let z(l) = -l**3 + 45*l**2 + 615*l + 1077. What is z(56)?
1021
Let b(v) = v**2 - 10*v - 6910. Give b(-56).
-3214
Let t(g) = -6750*g + 54181. What is t(7)?
6931
Let c(x) = x**2 + 51101*x + 153322. What is c(-3)?
28
Let l(b) = -b**3 + 269*b**2 - 16820*b - 990. Determine l(99).
0
Let x(s) = -s**2 - 158*s + 9341. Give x(-204).
-43
Let d(t) = t**3 - 144*t**2 - 131*t - 1586. What is d(145)?
444
Let y(s) = s**3 - 82*s**2 - 13*s + 348. What is y(82)?
-718
Let p(v) = 7*v**2 + 60*v - 994. Give p(13).
969
Let g(f) = -36*f**2 + 2557*f - 139. Give g(71).
-68
Let x(c) = -361*c + 6247. Calculate x(17).
110
Let g(r) = 25*r - 949. Calculate g(52).
351
Let o(f) = f**2 - 2308*f + 25306. Calculate o(11).
39
Let d(l) = -l**3 + 52*l**2 - 89*l - 3. Calculate d(-6).
2619
Let x(d) = -2160*d**2 - 23730*d + 2. Calculate x(-11).
-328
Let k(y) = y**3 - 226*y**2 + 326*y + 27308. Determine k(224).
-20
Let a(o) = -6*o**2 + 18682*o - 93306. Calculate a(5).
-46
Let a(c) = -3236*c + 20224. Calculate a(7).
-2428
Let k(y) = y**3 - 913*y**2 - 2096*y + 243382. Calculate k(915).
-8
Let q(b) = b**2 + 1823*b + 38105. Determine q(-21).
263
Let c(p) = 17805*p - 178036. Calculate c(10).
14
Let z(f) = -37*f**2 + 953*f + 2310. What is z(28)?
-14
Let b(c) = c**3 - 3110*c**2 - 113256*c. Calculate b(-36).
0
Let y(w) = w**2 + 13534*w + 121714. Calculate y(-9).
-11
Let g(h) = 1984*h + 365. Determine g(0).
365
Let p(t) = -t**2 + 444*t - 5137. What is p(11)?
-374
Let m(w) = -w**3 + 160*w**2 - 2170*w + 216215. What is m(155)?
-10
Let x(c) = -c**3 - 46*c**2 + 19*c - 3813. What is x(-48)?
-117
Let y(w) = -w**3 - 515*w**2 + 4198*w - 98. Calculate y(8).
14
Let g(y) = 3086*y + 86234. Determine g(-28).
-174
Let d(q) = -3*q**3 + 134*q**2 - 871*q + 739. What is d(37)?
-1
Let h(m) = -42613*m + 169907. Calculate h(4).
-545
Let a(n) = 271*n**2 - 195*n - 3. Determine a(1).
73
Let j(w) = w**2 - 217*w - 4671. Give j(-19).
-187
Let p(g) = -15389*g + 10510694. What is p(683)?
7
Let w(s) = -5046*s + 30278. What is w(6)?
2
Let b(h) = 4*h**3 + 17*h**2 - 25*h + 2. Calculate b(-9).
-1312
Let t(z) = -123*z**2 + 12905*z + 1174. Determine t(105).
124
Let t(c) = -8*c**2 - 53*c - 218. What is t(-3)?
-131
Let p(o) = -4*o**3 - 107*o**2 + 47*o + 516. What is p(-27)?
-24
Let t(x) = -839*x - 4237. Give t(-5).
-42
Let v(c) = c**3 - 84*c**2 + 59*c - 4950. What is v(84)?
6
Let w(x) = 2*x**2 - 1422*x + 180143. Calculate w(165).
-37
Let j(t) = 1320*t - 802536. Calculate j(608).
24
Let l(c) = 22413*c + 89711. Determine l(-4).
59
Let x(n) = -16*n**3 + 5*n**2 - 517*n + 1562. Determine x(3).
-376
Let q(d) = 5*d**2 + 3103*d + 362363. Determine q(-156).
-25
Let y(g) = -g**2 + 636*g + 5091. Determine y(-8).
-61
Let s(n) = -151*n + 1480. Determine s(10).
-30
Let u(c) = 350208*c - 1400826. What is u(4)?
6
Let j(q) = -3*q**2 + 47*q + 2187. Calculate j(40).
-733
Let n(h) = -1169*h + 8053. Calculate n(7).
-130
Let h(l) = l**2 + 298180*l - 3280052. Give h(11).
49
Let w(n) = 1739*n + 109058. What is w(-63)?
-499
Let n(w) = -7*w**2 + 193*w - 10. Give n(32).
-1002
Let u(k) = k**3 + 541*k**2 - 550*k - 3305. Give u(-542).
1031
Let m(k) = -k**3 - 119*k**2 - 3297*k - 1239. Determine m(-43).
8
Let u(z) = -64*z - 6303. Calculate u(-106).
481
Let p(k) = 13*k**2 - 303*k - 5563. Give p(-12).
-55
Let w(s) = 4*s**2 - 254*s - 4942. Give w(79).
-44
Let h(a) = -2*a**3 + 1554*a**2 + 3114*a + 1547. Determine h(779).
-11
Let t(r) = 82004*r - 1066052. What is t(13)?
0
Let p(o) = 2*o**3 - 145*o**2 + 912*o - 71930. Calculate p(73).
-25
Let p(k) = 12077*k - 628010. Give p(52).
-6
Let s(z) = -2*z**3 + 34*z**2 + 68*z - 1435. Calculate s(16).
165
Let f(n) = 605*n - 2013. Calculate f(4).
407
Let j(o) = -1841*o - 388418. What is j(-211)?
33
Let n(a) = a**2 - 35270*a + 3131125. Calculate n(89).
16
Let d(k) = k**2 + 242*k - 1700. What is d(-244)?
-1212
Let l(r) = -1672*r - 207325. Determine l(-124).
3
Let x(c) 